{"id":286,"date":"2016-10-31T13:17:59","date_gmt":"2016-10-31T16:17:59","guid":{"rendered":"https:\/\/crios-sal.infd.edu.ar\/sitio\/?page_id=286"},"modified":"2026-02-22T15:40:00","modified_gmt":"2026-02-22T18:40:00","slug":"inicio","status":"publish","type":"page","link":"https:\/\/crios-sal.infd.edu.ar\/sitio\/","title":{"rendered":"INICIO"},"content":{"rendered":"\n<h2 class=\"wp-block-heading\">CRIOS &#8211; ISFD N\u00ba 8022<\/h2>\n\n\n\n<figure class=\"wp-block-image size-full is-resized\"><img decoding=\"async\" loading=\"lazy\" src=\"https:\/\/crios-sal.infd.edu.ar\/sitio\/wp-content\/uploads\/2026\/01\/fachada-crios.jpeg\" alt=\"\" class=\"wp-image-1305\" width=\"270\" height=\"212\" srcset=\"https:\/\/crios-sal.infd.edu.ar\/sitio\/wp-content\/uploads\/2026\/01\/fachada-crios.jpeg 1528w, https:\/\/crios-sal.infd.edu.ar\/sitio\/wp-content\/uploads\/2026\/01\/fachada-crios-1000x785.jpeg 1000w, https:\/\/crios-sal.infd.edu.ar\/sitio\/wp-content\/uploads\/2026\/01\/fachada-crios-768x603.jpeg 768w\" sizes=\"(max-width: 270px) 100vw, 270px\" \/><\/figure>\n\n\n\n<p>CRIOS es una instituci\u00f3n dedicada a la formaci\u00f3n docente en el campo de la educaci\u00f3n especial, con \u00e9nfasis en la educaci\u00f3n de personas sordas.<\/p>\n\n\n\n<p><br>Desde una perspectiva inclusiva y humana, el Instituto ofrece el Profesorado de Educaci\u00f3n Especial y ofertas acad\u00e9micas de capacitaci\u00f3n docente como Post\u00edtulos y Diplomaturas,  acompa\u00f1ando siempre a sus estudiantes en su recorrido formativo.<\/p>\n\n\n\n<p class=\"has-text-align-center\"><\/p>\n\n\n\n<div class=\"wp-block-buttons is-content-justification-center is-layout-flex wp-container-1\">\n<div class=\"wp-block-button is-style-fill\"><a class=\"wp-block-button__link has-text-align-left wp-element-button\" href=\"https:\/\/crios-sal.infd.edu.ar\/sitio\/inscripciones-profesorado-de-educacion-especial\/\">INSCRIPCION<\/a><\/div>\n\n\n\n<div class=\"wp-block-button is-style-outline\"><a class=\"wp-block-button__link wp-element-button\" href=\"https:\/\/crios-sal.infd.edu.ar\/sitio\/profesorado-resolucion-3262-06\/\">PROFESORADO<\/a><\/div>\n\n\n\n<div class=\"wp-block-button is-style-outline\"><a class=\"wp-block-button__link wp-element-button\" href=\"https:\/\/crios-sal.infd.edu.ar\/aula\" target=\"_blank\" rel=\"noreferrer noopener\">AULA VIRTUAL<\/a><\/div>\n<\/div>\n\n\n<div dir=\"auto\">\u00a0<\/div>\n<div dir=\"auto\">\u00a0<\/div>\n<div dir=\"auto\">\u00a0<\/div>\n<div dir=\"auto\" style=\"text-align: center;\"><b>CONTACTO:\u00a0<\/b><\/div>\n<div dir=\"auto\" style=\"text-align: center;\">\u00a0<\/div>\n<div dir=\"auto\" style=\"text-align: center;\">\u00a0<img decoding=\"async\" loading=\"lazy\" class=\"\" src=\"https:\/\/cdn-icons-png.flaticon.com\/512\/96\/96988.png\" alt=\"Apuntar a la derecha - Iconos gratis de gestos\" width=\"17\" height=\"17\" \/>\u00a0 <a href=\"https:\/\/wa.me\/5493875802620\">Whatsapp:<\/a> +54 9 387 580-2620<\/div>\n<div dir=\"auto\" style=\"text-align: center;\">\u00a0<\/div>\n<div dir=\"auto\" style=\"text-align: center;\"><img decoding=\"async\" loading=\"lazy\" class=\"\" src=\"https:\/\/cdn-icons-png.flaticon.com\/512\/96\/96988.png\" alt=\"Apuntar a la derecha - Iconos gratis de gestos\" width=\"17\" height=\"17\" \/>\u00a0criosprofesorado@gmail.com<\/div>\n<div dir=\"auto\" style=\"text-align: center;\">\u00a0<\/div>\n<div dir=\"auto\" style=\"text-align: center;\"><img decoding=\"async\" loading=\"lazy\" class=\"\" src=\"https:\/\/cdn-icons-png.flaticon.com\/512\/96\/96988.png\" alt=\"Apuntar a la derecha - Iconos gratis de gestos\" width=\"17\" height=\"17\" \/>\u00a0 \u00a0(0387) 4233761\u00a0<\/div>\n<div dir=\"auto\" style=\"text-align: center;\">\u00a0\u00a0<\/div>\n<div dir=\"auto\" style=\"text-align: center;\" data-wp-editing=\"1\"><img decoding=\"async\" loading=\"lazy\" class=\"\" src=\"https:\/\/cdn-icons-png.flaticon.com\/512\/96\/96988.png\" alt=\"Apuntar a la derecha - Iconos gratis de gestos\" width=\"17\" height=\"17\" \/>\u00a0 \u00a0Tucum\u00e1n 667 &#8211; Salta Capital<\/div>\n<div dir=\"auto\" style=\"text-align: center;\">\u00a0<\/div>\n<div dir=\"auto\" style=\"text-align: center;\"><img decoding=\"async\" loading=\"lazy\" class=\"\" src=\"https:\/\/cdn-icons-png.flaticon.com\/512\/96\/96988.png\" alt=\"Apuntar a la derecha - Iconos gratis de gestos\" width=\"17\" height=\"17\" \/>\u00a0 \u00a1Seguinos en <a href=\"https:\/\/www.facebook.com\/profile.php?id=61587239953543&amp;sfnsn=scwspwa&amp;mibextid=RUbZ1f\" target=\"_blank\" rel=\"noopener\">Facebook <\/a>\u00a0 y en <a href=\"https:\/\/www.instagram.com\/criosprofesoradosalta?igsh=MWk4bHIzOG80N3NjYw==\">Instagram!<\/a><\/div>\n<div dir=\"auto\">\u00a0<\/div>\n<div dir=\"auto\">\u00a0<\/div>\n<div style=\"visibility: visible; width: 540px; margin: auto;\">\n<p style=\"whitespace: no-wrap; margin-top: 10px; height: 24px; width: 540px;\">\u00a0<\/p>\n<\/div>\n\n\n<iframe src=\"https:\/\/www.google.com\/maps\/embed?pb=!1m18!1m12!1m3!1d3621.8676671396247!2d-65.4154255266478!3d-24.79998450825896!2m3!1f0!2f0!3f0!3m2!1i1024!2i768!4f13.1!3m3!1m2!1s0x941bc3a77307b83b%3A0x3e0327668b3d683!2sTucum%C3%A1n%20667%2C%20A4400%20Salta!5e0!3m2!1ses-419!2sar!4v1767365694797!5m2!1ses-419!2sar\" width=\"600\" height=\"450\" style=\"border:0;\" allowfullscreen=\"\" loading=\"lazy\" referrerpolicy=\"no-referrer-when-downgrade\"><\/iframe>\n","protected":false},"excerpt":{"rendered":"<p>CRIOS &#8211; ISFD N\u00ba 8022 CRIOS es una instituci\u00f3n dedicada a la formaci\u00f3n docente en el campo de la educaci\u00f3n especial, con \u00e9nfasis en la educaci\u00f3n de personas sordas. Desde una perspectiva inclusiva y humana, el Instituto ofrece el Profesorado de Educaci\u00f3n Especial y ofertas acad\u00e9micas de capacitaci\u00f3n docente como Post\u00edtulos y Diplomaturas, acompa\u00f1ando siempre &#8230; <a title=\"INICIO\" class=\"read-more\" href=\"https:\/\/crios-sal.infd.edu.ar\/sitio\/\" aria-label=\"More on INICIO\">[+]<\/a><\/p>\n","protected":false},"author":356,"featured_media":0,"parent":810,"menu_order":0,"comment_status":"closed","ping_status":"closed","template":"","meta":[],"acf":[],"_links":{"self":[{"href":"https:\/\/crios-sal.infd.edu.ar\/sitio\/wp-json\/wp\/v2\/pages\/286"}],"collection":[{"href":"https:\/\/crios-sal.infd.edu.ar\/sitio\/wp-json\/wp\/v2\/pages"}],"about":[{"href":"https:\/\/crios-sal.infd.edu.ar\/sitio\/wp-json\/wp\/v2\/types\/page"}],"author":[{"embeddable":true,"href":"https:\/\/crios-sal.infd.edu.ar\/sitio\/wp-json\/wp\/v2\/users\/356"}],"replies":[{"embeddable":true,"href":"https:\/\/crios-sal.infd.edu.ar\/sitio\/wp-json\/wp\/v2\/comments?post=286"}],"version-history":[{"count":121,"href":"https:\/\/crios-sal.infd.edu.ar\/sitio\/wp-json\/wp\/v2\/pages\/286\/revisions"}],"predecessor-version":[{"id":1329,"href":"https:\/\/crios-sal.infd.edu.ar\/sitio\/wp-json\/wp\/v2\/pages\/286\/revisions\/1329"}],"up":[{"embeddable":true,"href":"https:\/\/crios-sal.infd.edu.ar\/sitio\/wp-json\/wp\/v2\/pages\/810"}],"wp:attachment":[{"href":"https:\/\/crios-sal.infd.edu.ar\/sitio\/wp-json\/wp\/v2\/media?parent=286"}],"curies":[{"name":"wp","href":"https:\/\/api.w.org\/{rel}","templated":true}]}}